te the greatest common divisor of 621760 and 105270.
290
What is the greatest common factor of 8450117 and 988?
247
What is the highest common factor of 2788942 and 3350?
134
What is the greatest common factor of 266 and 1304830282?
266
What is the highest common divisor of 118 and 10221455?
59
What is the highest common divisor of 530233548 and 372?
372
What is the highest common factor of 774 and 1300406?
86
What is the highest common factor of 165 and 7808405?
55
What is the highest common factor of 10730 and 1408930?
10
Calculate the greatest common factor of 79703845 and 65.
65
What is the greatest common divisor of 5252281 and 9?
1
Calculate the greatest common divisor of 1390345 and 1371645.
935
What is the highest common divisor of 8568340 and 6241?
79
What is the highest common factor of 6352 and 330240?
16
Calculate the highest common divisor of 191 and 26614.
1
What is the highest common divisor of 747045 and 34515?
585
What is the highest common divisor of 59520 and 272301024?
2976
What is the greatest common divisor of 34 and 47966843?
17
Calculate the highest common divisor of 16070950 and 49300.
850
What is the greatest common divisor of 56 and 1878808?
8
Calculate the highest common factor of 16655934 and 96.
6
What is the highest common divisor of 37 and 610755411?
37
What is the highest common divisor of 151420 and 676870?
1130
Calculate the greatest common divisor of 16915828 and 787349.
8117
What is the highest common divisor of 485444670 and 1081?
1081
Calculate the greatest common factor of 36 and 714177804.
12
Calculate the highest common factor of 2764922 and 1472.
46
Calculate the greatest common factor of 365829 and 9904.
619
What is the highest common divisor of 1293376 and 6416?
16
What is the greatest common divisor of 4367 and 171107?
397
Calculate the greatest common factor of 2402778 and 105.
21
What is the greatest common divisor of 226238624 and 139?
139
What is the greatest common divisor of 14126362 and 19514?
1774
Calculate the greatest common divisor of 8272 and 259556.
44
What is the highest common divisor of 5892102 and 5?
1
What is the greatest common factor of 1358 and 16561489?
679
What is the highest common factor of 36923517 and 171?
171
Calculate the highest common divisor of 917077 and 28.
7
Calculate the highest common divisor of 3 and 222264303.
3
What is the greatest common divisor of 5284252 and 3?
1
Calculate the highest common factor of 7684 and 107836.
4
What is the highest common factor of 8581225 and 185?
185
What is the greatest common divisor of 8083566 and 270?
18
What is the greatest common factor of 22025691 and 213?
213
What is the greatest common divisor of 273024 and 23436456?
1896
What is the greatest common factor of 836468 and 612?
68
Calculate the highest common factor of 289635350 and 2815.
2815
Calculate the highest common factor of 20147731 and 89.
89
What is the highest common factor of 15 and 86045945?
5
What is the greatest common divisor of 922 and 16023899?
461
What is the highest common factor of 14721 and 18018?
21
Calculate the highest common divisor of 117 and 14257566.
9
Calculate the highest common divisor of 924424 and 24.
8
What is the greatest common divisor of 7912860 and 11580?
60
Calculate the highest common divisor of 30992 and 2704.
208
What is the highest common divisor of 2363933 and 3855566?
8723
What is the highest common factor of 347710 and 1464210?
3190
What is the greatest common factor of 3 and 5212854?
3
Calculate the greatest common divisor of 12953290 and 13926.
422
What is the greatest common divisor of 53241216 and 384?
384
What is the highest common factor of 3087 and 446929?
343
What is the greatest common divisor of 8525 and 35504425?
275
Calculate the highest common factor of 13695099 and 228129.
7359
Calculate the greatest common factor of 6643017 and 18.
9
What is the highest common divisor of 153420 and 72?
12
What is the greatest common factor of 7600 and 281390?
190
What is the greatest common divisor of 181745 and 260?
5
Calculate the highest common factor of 28336 and 195316.
1012
What is the highest common factor of 4151728 and 815024?
2128
What is the greatest common factor of 276 and 108384?
12
What is the greatest common factor of 293522 and 1678682?
3298
What is the greatest common factor of 1815982804 and 94?
94
What is the greatest common factor of 9143 and 14049?
223
Calculate the greatest common divisor of 206 and 656556093.
103
What is the greatest common factor of 468520 and 24616?
136
Calculate the greatest common divisor of 250547509 and 4043.
311
Calculate the highest common divisor of 319219321 and 9873.
1097
Calculate the highest common factor of 294 and 352554.
6
What is the greatest common factor of 12 and 28381764?
12
Calculate the greatest common factor of 3305263 and 3523.
13
Calculate the highest common divisor of 2672257 and 1148.
287
What is the greatest common divisor of 12554210 and 120?
10
Calculate the greatest common divisor of 17276292 and 693.
99
Calculate the greatest common factor of 945 and 1603605.
15
What is the highest common divisor of 1407 and 395054646?
1407
What is the greatest common factor of 665697 and 354?
177
What is the greatest common factor of 162 and 225042570?
54
What is the greatest common divisor of 87454 and 119793?
73
What is the highest common divisor of 1292 and 172520?
76
What is the greatest common divisor of 22352 and 8112379?
1397
Calculate the greatest common divisor of 421573659 and 39.
39
Calculate the highest common factor of 27830 and 39836.
46
Calculate the greatest common divisor of 23812513 and 533.
41
Calculate the greatest common factor of 347616 and 179112.
408
What is the greatest common factor of 1740774 and 18600?
186
What is the greatest common divisor of 80746 and 14946?
94
Calculate the highest common factor of 48207047 and 11039.
133
What is the greatest common divisor of 53054433 and 22832?
1427
Calculate the highest common factor of 5725996 and 4376.
2188
Calculate the greatest common factor of 5451 and 4533415.
1817
Calculate the greatest common divisor of 4938768 and 9.
9
What is the highest common factor of 113073004 and 132?
44
Calculate the greatest common factor of 183204336 and 3136.
784
Calculate the greatest common divisor of 753281 and 6767.
67
What is the highest common factor of 727464 and 6832?
8
Calculate the greatest common divisor of 4364588 and 4.
4
What is the greatest common divisor of 1496653 and 4?
1
What is the highest common factor of 25090791 and 2937?
2937
What is the greatest common divisor of 197258 and 193952?
1102
Calculate the greatest common divisor of 1463 and 2794748.
209
What is the highest common divisor of 90 and 34051265?
5
Calculate the highest common divisor of 2235334 and 19834.
422
What is the greatest common divisor of 799296 and 12417792?
4416
Calculate the greatest common factor of 12183 and 2282675.
131
Calculate the highest common factor of 36274116 and 6612.
228
Calculate the highest common divisor of 11 and 11823.
1
What is the highest common divisor of 2301748 and 115?
23
What is the greatest common divisor of 1492 and 387344834?
746
What is the greatest common divisor of 207321066 and 16470?
3294
Calculate the greatest common divisor of 11 and 1184130695.
11
What is the highest common factor of 373275 and 2875995?
3555
Calculate the greatest common divisor of 287 and 371848393.
287
What is the greatest common divisor of 773680 and 30020?
380
Calculate the greatest common divisor of 3349111 and 38.
19
What is the greatest common factor of 228051 and 1683?
9
What is the highest common divisor of 3402 and 1060227?
63
Calculate the greatest common divisor of 5438813 and 213.
71
What is the greatest common factor of 51 and 2179693437?
51
Calculate the highest common factor of 44655 and 256480.
1145
Calculate the highest common divisor of 2712734 and 111294.
458
Calculate the highest common divisor of 117702 and 1031150.
1006
What is the greatest common divisor of 6827076 and 873?
9
What is the greatest common divisor of 161202532 and 928?
116
Calculate the highest common divisor of 210357 and 17928.
27
Calculate the highest common divisor of 420 and 7294200.
60
What is the greatest common factor of 18 